. Let r be x(14). What is the highest common divisor of 506 and r?
11
Let g = 5617 - 5239. Calculate the greatest common factor of 54 and g.
54
Let x be (2/1)/(7/(1 - -6)). Suppose -s + 68 = -c, 5 = -3*c + x*c. What is the greatest common divisor of s and 42?
21
Let h(n) = 1. Let o(i) = 13*i - 1 + 19*i + 2. Let m(x) = -4*h(x) - o(x). Let a be m(-4). Calculate the greatest common factor of a and 82.
41
Suppose 3*w = -4*k + 35938, 11956 = 21*w - 20*w - 2*k. Calculate the highest common divisor of 210 and w.
210
Let a be 39/((-1197)/(-119) - 10). What is the greatest common factor of a and 39?
39
Suppose -2*q = 3*x - 7*x - 36, 4*q - x - 51 = 0. What is the greatest common factor of 9708 and q?
12
Suppose 11*i - 9*i - 170 = 0. Suppose -90 = -5*k - y, -61*y + 58*y = -k + 2. Calculate the greatest common factor of i and k.
17
Let a(j) = -25*j - 162. Let b be a(-7). Let p be 60*(b + 8/8). What is the highest common divisor of 21 and p?
21
Let v(i) = 2*i**3 + 40*i**2 - 34*i - 25. Let y be v(-21). Let k = -160 - y. What is the greatest common factor of 11 and k?
11
Suppose 61*f = h + 58*f - 6504, -4*h = -2*f - 26006. Calculate the highest common factor of 198 and h.
33
Let n be (-4)/20 + 258/90*21. Calculate the greatest common factor of 1740 and n.
60
Suppose -63*y = -1924 - 2801. Let a be (-8)/(-20)*(-15 + y). What is the highest common divisor of a and 1464?
24
Suppose 11 = 3*b - 13. Let j(g) = -g**2 + 6*g. Let t be j(b). Let v be (-4)/(-14) + 84/49 - t. What is the greatest common factor of v and 90?
18
Suppose 34*f = -11*f + 1620. What is the greatest common divisor of f and 1884?
12
Let c(s) = -3*s**3 - s**2 + 63*s + 68. Let y be c(-10). Calculate the greatest common divisor of y and 501.
167
Let r = 316 - 32. Suppose 564 = 5*v - v - 4*k, r = 2*v - 4*k. What is the highest common factor of 35 and v?
35
Suppose 79*c - 343397 = 309459. Calculate the greatest common divisor of c and 8.
8
Let j be (-66)/44*(-8 + 0). Let w be (j/(-4) + 2)*0. Suppose w = 4*k - 2*a - 82, -16 = -k + 4*a + 1. Calculate the highest common divisor of 3 and k.
3
Let c = 15 + 0. Let m be -1 + (-9)/(-12) - (55335/(-140) - -20). Calculate the greatest common factor of c and m.
15
Let x be 42 - 14/2 - 1/1. Suppose -37*m + x*m + 579 = 0. Suppose 0 = -3*d + m - 175. Calculate the greatest common divisor of d and 15.
3
Let c(i) = 21*i - 33. Let n be c(2). Let l be 762/n + (-16)/24. What is the highest common divisor of 156 and l?
12
Let o be (265/371)/(-1*2/(-154)). Calculate the greatest common factor of o and 286.
11
Let g be 259/(-49) + 4/14. Let n(o) = o**3 + 10*o**2 - 4*o - 8. Let x be n(g). Let p = -25 + x. What is the greatest common divisor of p and 14?
14
Let s = -7 - -12. Suppose 10 = 2*p + o, 0 - 2 = -o. Suppose -p*b + 5*l = -55, -6*b + 2*b + 4*l + 56 = 0. Calculate the greatest common factor of s and b.
5
Let q(g) = 24*g + 1192. Let w be q(-48). What is the greatest common divisor of w and 15?
5
Let d(f) = -4*f - 36. Let c be d(-31). Let k = 92 - c. Suppose 20 = 5*a - k*i - 486, -5*i = 4*a - 372. Calculate the highest common divisor of a and 49.
49
Let s = 11208 - -654. Calculate the highest common divisor of 9 and s.
9
Let g(n) = -n - 2*n + 33 + 29 - 2*n. Let f be g(10). What is the greatest common divisor of f and 156?
12
Suppose w - 4*d - 724 = 1534, 2*w - 3*d - 4496 = 0. Let u = -922 + w. Suppose 16*t - 11*t = u. What is the highest common divisor of t and 33?
33
Let w = 6 - -5. Suppose -4645 = -11*a - 1983. Let q = 308 - a. What is the greatest common divisor of q and w?
11
Suppose 5*d - 104 = -79. Suppose d*q = 2*y + 258, y = 2*q - 0*y - 103. What is the greatest common divisor of q and 182?
26
Suppose 92*p + 17*p - 1853 = 0. What is the highest common factor of 23 and p?
1
Suppose -5*r = -k - 59, 0 = -r + 2*k - 5*k + 15. Let w(v) = 27*v - 369. Let h be w(15). Calculate the greatest common divisor of h and r.
12
Let t(c) = 30*c + 2412. Let w be t(-39). What is the greatest common factor of w and 1104?
138
Let o be (-32)/(-336) + (-2180)/(-42). Calculate the highest common divisor of o and 14.
2
Let m = -9856 - -10137. Calculate the highest common divisor of m and 28943.
281
Suppose 369 = -8*c + 665. What is the greatest common factor of c and 2701?
37
Suppose 16 + 64 = 5*a. Suppose -a*p - 72 = -4*f - 12*p, 2*f = -2*p + 32. What is the greatest common divisor of f and 34?
17
Let f be (-4 - -24 - 15) + 69/3*1. Suppose -3*s + 82 = -2. Calculate the greatest common divisor of f and s.
28
Let b = 170241 - 170073. Let q be 1*(8 + -1 + -1). Calculate the highest common factor of b and q.
6
Let f be 0*(-18)/(-6)*(-1)/(-6). Suppose -s + 6*s - 110 = f. Suppose -d = -s - 34. Calculate the greatest common divisor of d and 14.
14
Suppose -133 = -11*n + 10*n. Suppose 0 = 5*g + 3*b - 90 - 49, -b = 5*g - n. Calculate the highest common factor of 442 and g.
26
Let p(a) = -4*a + 32. Let m be p(7). Suppose -2*b + m*b - 34 = 0. What is the greatest common divisor of 51 and b?
17
Suppose -3*u + 33 = 4*m + m, 3*u + 21 = 4*m. Let g be m - 2 - 162/3. Let r = 95 + g. What is the greatest common factor of r and 5?
5
Let k(q) = 3*q**3 - 15*q**2 + 7*q + 6. Let g be k(5). Let r be (1 + g/4)*(-42 + 50). What is the highest common factor of r and 30?
30
Let g = -1 - -110. Let d = 139 - g. Suppose -3*c + i = 3*i - 28, -4*c = 2*i - 34. Calculate the greatest common factor of d and c.
6
Let a(s) = 245*s**2 - 8*s - 20*s - 231*s**2 - s**3 + 26. Let p be a(11). What is the greatest common divisor of 36 and p?
9
Let x be 7/(2 - (-18)/(-10)). Let z be 1 + (2 - 0) - (71 + -131 + 7). Calculate the highest common divisor of z and x.
7
Suppose 4*t - 40 = 4*d, 3*t - 40 = -t - d. Suppose 8*s = t*s - 168. Suppose -2*z = 302 - 414. Calculate the greatest common divisor of s and z.
28
Let b be 62 - (-10 - -5) - -3. Let m be -1 + 0 + (18 + 1 - 4). Calculate the highest common factor of m and b.
14
Let n = 4246 + -4243. Let o = 7 + -3. Suppose t = n*x + 6*t - 2, -4*x + o*t = -56. Calculate the greatest common factor of 9 and x.
9
Let d(n) = -n**3 - 6*n**2 - 6*n + 12. Let r be d(-6). Suppose q - 10 = 3*q. Let s = q - -11. Calculate the greatest common factor of r and s.
6
Let f(m) = -m + 23. Suppose -4*a + 33 = 1. Let q be f(a). Let g = -12 + 42. What is the highest common factor of q and g?
15
Suppose -1333*z - 2570 = -2*s - 1338*z, -4*z + 24 = 0. Calculate the greatest common divisor of 70 and s.
10
Let l = 36 - 36. Suppose -5*t + 216 = 3*z + z, -2*z - 3*t + 108 = l. Let a be 12/(-1)*(-8)/8. Calculate the greatest common factor of z and a.
6
Let g = 1483 - 1459. What is the highest common factor of g and 588?
12
Let d = 22632 + -22377. Calculate the greatest common factor of 17085 and d.
255
Let u = 272 + -197. Suppose 410*f - u = 407*f. Calculate the highest common factor of f and 250.
25
Let u(x) = 63*x + 573. Let p be u(-7). Calculate the greatest common divisor of 1650 and p.
66
Let u = -835 - -1325. Let j = u + -484. Calculate the greatest common factor of 32 and j.
2
Suppose q + 159 = -d - 3*d, -5*d - q - 198 = 0. Let m = -36 - d. Let s be ((-1)/m)/(-1 - 28/(-30)). Calculate the highest common factor of 5 and s.
5
Let j(z) = -z**3 - 17*z**2 - 65*z - 25. Let a be j(-12). Let q be 143 + 40/(-12) + 1/3. Calculate the greatest common factor of a and q.
35
Let r = -128 + 64. Let u = 76 + r. Let g(b) = 3*b**2 + 3*b + 2. Let t be g(-2). What is the highest common factor of t and u?
4
Let h be (6/9 + 42/(-9))/1. Let x be (4/8 + h)*(-15 + 1). Calculate the highest common divisor of 343 and x.
49
Suppose 3*u - 60 = -t + 4*t, 5*u - 120 = -5*t. Suppose u*j - 17*j = 220. Let f = 54 - j. What is the highest common divisor of f and 40?
10
Suppose 3*o - 270 = -2*o. Let g(d) = d**3 + 17*d**2 + 19*d + 15. Let r be g(-8). Let u = -421 + r. Calculate the greatest common factor of o and u.
18
Let c(i) = 2*i + 54. Suppose 0 = -3*m - 3*r - 63, 3*m + 5*r = -0*r - 61. Let y be c(m). What is the highest common factor of 80 and y?
10
Let q(c) = -c**3 + 13*c**2 - 10*c. Let z be q(6). Let s = z + -178. Calculate the highest common divisor of 182 and s.
14
Let n(m) = -12*m - 28. Suppose -4*r - 70 = 5*a - 2*r, -2*a - 28 = 4*r. Let z be n(a). Suppose 0 = 2*b - 182 - z. What is the highest common divisor of b and 23?
23
Suppose 0 = u